910061 composite?
True
Is 119277721 composite?
True
Is 64729993 prime?
False
Is 933658223 a composite number?
False
Is 378361591 prime?
False
Is 31160387177 a prime number?
True
Is 546990539 prime?
True
Is 26999657383 a composite number?
False
Is 4977586169 a composite number?
False
Is 1306665019 composite?
True
Is 75559573973 composite?
True
Is 138750185011 a prime number?
True
Is 1094934209 composite?
False
Is 432972517 prime?
False
Is 50954868583 a composite number?
False
Is 9785483819 composite?
False
Is 388970801 composite?
False
Is 362886091 a composite number?
False
Is 114671111 a prime number?
True
Is 271538017 prime?
False
Is 208733773 prime?
True
Is 6518289361 a prime number?
False
Is 46018192349 a prime number?
False
Is 390779809 a composite number?
True
Is 4437754669 prime?
True
Is 10497754583 prime?
True
Is 39066224801 composite?
False
Is 43853410423 composite?
True
Is 64025913859 a composite number?
True
Is 664570079 composite?
False
Is 4407521273 prime?
True
Is 4433176787 a prime number?
False
Is 2917030299 prime?
False
Is 273640794671 a prime number?
True
Is 15572356061 a prime number?
True
Is 9182553973 a prime number?
False
Is 3302668843 prime?
True
Is 1114276018 a prime number?
False
Is 10503988685 a prime number?
False
Is 21662879201 composite?
True
Is 164844362849 a composite number?
False
Is 8128997489 prime?
False
Is 3415847327 prime?
False
Is 4212764999 composite?
True
Is 1812465647 a composite number?
True
Is 2253995719 a composite number?
True
Is 70790664877 prime?
False
Is 869006293 a prime number?
False
Is 60418142561 prime?
False
Is 327696119 composite?
False
Is 93288385187 a prime number?
False
Is 184873963623 a composite number?
True
Is 37331401 prime?
False
Is 1821537559 a prime number?
True
Is 12001276657 a prime number?
False
Is 8617453049 composite?
False
Is 1333486009 a prime number?
False
Is 49567561403 a composite number?
True
Is 4744483277 a prime number?
False
Is 3181197101 prime?
False
Is 1809006463 a prime number?
False
Is 97625876833 a composite number?
False
Is 3626078483 a composite number?
False
Is 5874755701 a composite number?
True
Is 2357870467 prime?
True
Is 13951126169 prime?
False
Is 6198569907 a composite number?
True
Is 5512135217 a composite number?
False
Is 6739979599 composite?
False
Is 56818394121 composite?
True
Is 14868842557 composite?
False
Is 10968549131 a composite number?
True
Is 241926403 a prime number?
True
Is 3751401371 composite?
False
Is 126832339 a composite number?
True
Is 4788647309 a prime number?
True
Is 15829366543 a prime number?
True
Is 71355215669 prime?
True
Is 196812367735 a prime number?
False
Is 2295527114 composite?
True
Is 71136401639 prime?
True
Is 1002571406 prime?
False
Is 77339272771 a prime number?
False
Is 17154178541 a prime number?
False
Is 3720506201 composite?
False
Is 13748416111 composite?
False
Is 9068932849 composite?
True
Is 8392672889 a prime number?
False
Is 461017889 a composite number?
False
Is 31793180961 prime?
False
Is 14967478217 composite?
False
Is 42906289 a composite number?
True
Is 13846714342 prime?
False
Is 209043613 prime?
True
Is 3494137051 a prime number?
True
Is 79441207 a composite number?
False
Is 4629552797 prime?
True
Is 18740451539 composite?
False
Is 9796136267 composite?
False
Is 8387945591 composite?
True
Is 98362291 prime?
False
Is 481349249 a composite number?
True
Is 257932553 a prime number?
True
Is 3077133513 composite?
True
Is 66014466017 a prime number?
True
Is 60021470729 a prime number?
False
Is 28362497239 a prime number?
False
Is 3640418203 prime?
True
Is 10841763577 a prime number?
True
Is 653811121 composite?
True
Is 977547653 a composite number?
True
Is 116780207 a composite number?
True
Is 892098199 prime?
False
Is 3423411137 composite?
False
Is 3202824967 composite?
True
Is 23808006427 composite?
False
Is 971876963 prime?
False
Is 762885971 a composite number?
False
Is 1786034867 composite?
False
Is 8440390267 a composite number?
True
Is 1799243986 prime?
False
Is 141729105937 a prime number?
True
Is 114763454863 composite?
False
Is 1254728329 a prime number?
True
Is 4596967 prime?
True
Is 13398013183 prime?
False
Is 34146580187 prime?
True
Is 24355021169 composite?
False
Is 178897769 a prime number?
True
Is 4630469477 composite?
False
Is 408721861 a prime number?
True
Is 145304543 a composite number?
True
Is 490513931 prime?
True
Is 1598907473 a composite number?
False
Is 7243540193 a composite number?
False
Is 96828210911 a composite number?
False
Is 3496176799 a composite number?
False
Is 754880803 composite?
True
Is 6603328633 a composite number?
True
Is 294415763 a composite number?
True
Is 2875936255 a composite number?
True
Is 122961973 composite?
False
Is 956984449 composite?
False
Is 186702558527 a composite number?
False
Is 1665937019 a composite number?
False
Is 6304917181 prime?
True
Is 10634392543 a prime number?
True
Is 738162751 prime?
False
Is 21985332011 prime?
True
Is 24875227141 a prime number?
False
Is 18832893311 a composite number?
True
Is 8799349511 a composite number?
True
Is 112369421 a prime number?
False
Is 2546436362 a prime number?
False
Is 4688059913 prime?
False
Is 233949825979 prime?
True
Is 2441628031 prime?
False
Is 2723311706 prime?
False
Is 9142747513 prime?
False
Is 8193315901 a composite number?
False
Is 7615107943 composite?
True
Is 1550570429 prime?
True
Is 1174148671 a composite number?
False
Is 45761239019 a composite number?
False
Is 427778822 a prime number?
False
Is 2400041003 a prime number?
True
Is 483152777 prime?
False
Is 1775215553 prime?
True
Is 10623019249 prime?
False
Is 40786000329 a prime number?
False
Is 22197940529 prime?
False
Is 28955393 composite?
False
Is 152976025547 a composite number?
True
Is 465033253 a composite number?
False
Is 724492147 a composite number?
False
Is 5169502391 composite?
False
Is 10068592483 composite?
False
Is 70036184759 a prime number?
True
Is 2201849533 a prime number?
False
Is 567172673 a prime number?
True
Is 156877409057 a prime number?
True
Is 1168118257 prime?
True
Is 31272365329 prime?
False
Is 40563275497 a prime number?
True
Is 1172041197 a prime number?
False
Is 10642693 composite?
True
Is 3597509399 prime?
False
Is 10145100809 composite?
False
Is 66925806523 a composite number?
True
Is 300911988019 prime?
False
Is 1209579719 composite?
False
Is 18115845731 prime?
True
Is 240861983 prime?
True
Is 326262379 a prime number?
False
Is 361429297 a prime number?
False
Is 129972556717 a prime number?
True
Is 1327829837 a prime number?
False
Is 26682453209 a composite number?
True
Is 12233766143 a composite number?
True
Is 2632124921 prime?
True
Is 4365807857 composite?
False
Is 44274973 prime?
False
Is 6780786269 a prime number?
True
Is 1347417107 composite?
False
Is 714709637 a composite number?
False
Is 5711255293 prime?
True
Is 2126529499 a prime number?
False
Is 4710053027 prime?
True
Is 5226758227 a composite number?
False
Is 3762034399 a composite number?
True
Is 111532654 composite?
True
Is 197056037 prime?
False
Is 5735437391 a prime number?
True
Is 339367327759 a composite number?
False
Is 3038139323 a composite number?
False
Is 79893488237 a prime number?
True
Is 18997047673 a prime number?
True
Is 5188265981 a prime number?
True
Is 21085608749 a composite number?
False
Is 2092087787 a composite number?
False
Is 19881925963 a composite number?
True
Is 3430708601 composite?
False
Is 3686597 a composite number?
True
Is 175112536561 prime?
True
Is 2826816233 a composite number?
True
Is 2551441861 a composite number?
False
Is 7551407867 prime?
True
Is 1992355229 a prime number?
True
Is 215583413 a composite number?
False
Is 1477601089 composite?
False
Is 9122099839 prime?
False
Is 3897077813 a composite number?
True
Is 3040339969 a composite number?
False
Is 17135398939 a composite number?
False
Is 27046799849 prime?
True
Is 675307583 a composite number?
False
Is 5384397703 a prime number?
True
Is 1105616843 a composite number?
False
Is 73331297657 a composite number?
False
Is 41675945 composite?
True
Is 102676195241 prime?
True
Is 946318189 a prime number?
True
Is 3976635937 prime?
False
Is 173642498149 a composite number?
True
Is 5376853 a prime number?
True
Is 617303663 composite?
False
Is 11584324441